- -11))?
12
Calculate 94 - (42 - -150 - 19).
-79
What is the value of -125 - (-124 + 141 + -9)?
-133
Evaluate -35 - (-46 + -24 - -15).
20
Evaluate (64 - 97) + (155 - 63).
59
Evaluate -106 + -41 + 107 - -104.
64
-8 - -13 - (-21 + 11 + 16 + 1) - -36
34
What is the value of -193 + 60 + 69 - -75?
11
Calculate 7 - (-16 - (1 - (7 + -3) - 4)).
16
What is 4 + -36 + 55 + -24?
-1
What is the value of -3 + -23 + 21 + -18 + 21?
-2
Calculate (0 - -28) + (4 - 1 - ((-62 - -28) + 29)).
36
Calculate (18 - -2) + (20 - -3 - 35).
8
Evaluate (2 - 20) + 28 + (33 - 15).
28
-4 - 27 - -37 - 18 - (1 + -1)
-12
What is -107 - (-155 - 77) - -2?
127
What is 18 + 92 - 9 - (-5 + 0 + (-23 - -23))?
106
(2 - -11) + (-15 + (38 - 9) - -16)
43
Evaluate -14 + (58 - 9) - 53.
-18
Calculate -70 - (-39 + 91) - -68.
-54
Calculate -42 + 7 + (-2 - -22) + (-17 - -9).
-23
-35 - (36 + -70 + 71)
-72
What is the value of 34 - ((-49 - -42) + 35)?
6
1 + 48 + (45 - (-21 + 69 + -19))
65
10 + -1 - ((-8 - -14 - 2) + -38 + 2)
41
Evaluate 17 + (2 - 1) + 4 + (464 - 469) - 12.
5
What is the value of 59 - (43 + (-8 - 17)) - -33?
74
(42 - 10) + 295 + -328
-1
Calculate -2 + (2 - 4) + (7 - (13 + -72)) + 5.
67
Evaluate -57 + 0 + -4 - -58.
-3
Evaluate (50 - 16) + -35 - (-63 + 1).
61
Calculate 3 + (-11 - -3) - -15 - (31 + (36 - 19)).
-38
What is the value of -13 + (17 + -83 - -127)?
48
Evaluate (-48 - -60 - 39) + 21 + (39 - 0).
33
What is the value of -7 + 33 + -59 + 2 + 36?
5
What is (6 - -18) + -7 + 19 + -36 + 44?
44
What is (-42 - (-51 + 11)) + (-43 - -2 - -3)?
-40
Calculate -12 + (-1 + -39 - (-633 + 473)).
108
-2 + (1 - (-23 - -18)) + 6
10
-2 + (5 - 0) + 585 + -638 + 0 + 3
-47
Evaluate -6 - (35 + -36) - (9 - (2 - 0)).
-12
Calculate 52 - (87 + -15 + -39).
19
What is the value of -4 + 89 + -93 - (4 - -1)?
-13
18 + 5 + -68 + 37
-8
What is the value of (10 - (59 + -25)) + 36?
12
-24 + (5 + -4 - -14) + -9 + -15 + 2
-31
Evaluate -52 - (39 + (16 - 55)).
-52
What is (-19 - (18 - 9)) + 3?
-25
Evaluate -13 - -22 - (17 - (20 - 11)) - -40.
41
Calculate (-14 - 1 - (-127 + 118)) + (-102 - 10 - -12).
-106
Evaluate 30 + 1 + -4 + -33 - (2 - 0).
-8
Calculate 114 - (-93 + 161) - 33.
13
What is (-61 - -68) + -90 + 48?
-35
What is (303 - 221) + (4 + 1 - (20 + 4))?
63
What is the value of 19 - (17 - (-2 - -18)) - -25?
43
Evaluate -804 + 869 - (-23 - (-1 - 2)).
85
Calculate 32 + -6 + (-6 - 3) - 59.
-42
(87 - 0) + -90 - (18 - 1)
-20
(0 - (81 - 2)) + (-68 - 8 - -90)
-65
Calculate (-21 + (25 - 0) - (3 + 9) - 5) + 0.
-13
Calculate 0 - -79 - (6768 - 6776).
87
What is (-1 - 0 - 0) + (-9 - -7 - 5) + -30?
-38
(-44 - -39) + -10 - (10 - (4 - (-2 + 1)))
-20
Evaluate 1 + (-11 - -38 - -9) - -43.
80
What is (-526 - -522) + (0 - -66) + -6?
56
Calculate -27 + (59 - -75) + -228.
-121
What is 38 + -32 - -14 - (1 - 16)?
35
What is the value of -20933 - -21027 - (0 - (-27 - -1))?
68
What is 4 + (-8 - 8) + 0 + 12?
0
What is the value of 5 - 74 - (-100 + 124)?
-93
What is 3 - -1 - (-27 - (-25 - (11 + -16))) - 36?
-25
What is the value of -5 + -50 + 5 + (-20 - -2) + 30?
-38
What is the value of 33 - 139 - (-239 - -132)?
1
5 + 0 + (-66 - (28 + -70))
-19
Calculate (705 + -710 - ((-1 - -1) + 0)) + (-28 - 36).
-69
What is the value of 37 + -13 + -5 - (10 + -22)?
31
1 + (11 + -40 - -143) + 7 + 9 + -1
130
-17 - (-52 - -1 - (776 + -746))
64
Calculate -16 + 0 + (16 - (9 + -10)) + 5.
6
-26 + -93 - (-56 + -8)
-55
What is -18 + -10 + 13 + 55 - -43?
83
Calculate -39 - -3 - (67 - 6).
-97
What is the value of (-25 - (36 - 70)) + (8 - -2 - -7 - -7)?
33
Calculate (-27 - -2) + (-12 - (28 - 38)).
-27
What is -83 - ((26 - 49) + -2 + 20 + -8)?
-70
244 + -283 + (209 - 54)
116
Evaluate (0 - 4) + (-46 - -10) + 14 + (8 - 36).
-54
What is the value of (-23 - 7 - -14) + 16 + -56?
-56
What is the value of (22 - (33 - 22)) + 12 + 11?
34
Calculate (-36 - -7) + 3 + 27 + -31 + (-2 - -2).
-30
Evaluate 78 + -4 + -61 - (67 - -2).
-56
What is 2 + 52 + -2258 + 2246?
42
What is (14 + -2 - -2) + (11 + 200 - 236)?
-11
7004 + -7008 - (39 - ((-1 - 1) + 4))
-41
What is -20 + -5 + 10 + (17 - 1) - 19?
-18
Calculate -39 - -24 - (-75 + -6 + 14).
52
What is the value of 0 + 2 - (-1312 - -1322)?
-8
What is the value of 1 + -6 + 2 + -9 + (-29 - (-28 - 20))?
7
What is the value of -26 + 0 - (401 - 412)?
-15
Evaluate -1 + 3 - (26 - (19 + -10) - -1).
-16
-7 - 65 - -14 - (-20 - (-18 + 13))
-43
What is the value of -11 + 0 + 1 + (-8 + -1 - (-77 + 13))?
45
What is the value of (-318 - -318 - (-1 - -28)) + 51?
24
Calculate -26 - (-56 + (31 - (-36 + 84))).
47
What is 2 - -4 - (-28 + (15 - -29) + 0 + -3)?
-7
What is (79 - 96) + 13 + 1 - (2 - 3)?
-2
What is the value of (-97 - -43) + (-128 - -124)?
-58
-65 + 78 - (18 - -4)
-9
-31033 + 31052 + (95 - (-1 + -1))
116
What is the value of 22 - (20 - (40 - (24 + -19)))?
37
Calculate 5 - (-24 + (60 - 5)) - 2.
-28
What is the value of -1 + 2 + -39 + -35 + 615 + -561?
-19
Evaluate -109 - -192 - (-5 - 26) - (3 - (-11 + 5)).
105
What is -3 + -9 + 5 - (-1 + -12) - -17?
23
What is -22 - (3 + (-9 - -2 - -8))?
-26
(0 - -1 - (-75 - -10)) + 5135 + -5130
71
31 + 25 + 8 - 16
48
Evaluate -10 - -1 - (19 - (7 - -8) - 8) - 15.
-20
What is the value of -1737 + 1599 - (-123 - -4)?
-19
Evaluate 13 + (-3 - 9) + 6 - -27.
34
Evaluate 41 - (-2 + 2 + (5 - ((-20 - -19) + 16))).
51
What is -183 + 164 + (6 - -27)?
14
What is the value of -312 + 174 + 40 - (-1 + 13)?
-110
-16 - ((-2 - 11 - -1) + (59 - 24))
-39
What is -106 + (138 - (55 + -138))?
115
Calculate -12 - ((-3 - -6 - 1) + 269 + -279).
-4
Calculate 0 + -46 - (18 - (0 - -10 - (-28 - -21))).
-47
-28 - (-94 + (-82 - -230))
-82
What is the value of -62 - -58 - (-1 + (6 - 79) + -3 + 4)?
69
What is the value of (-114 - -120) + 19 - -58?
83
(-39 - (2 - 51)) + 9
19
-4 + (-2 - -16 - -11) + -1
20
What is -131 + 120 + (-4 - (2 - 2)) + 61?
46
What is 22 - (130 + (16 - 32) - -5 - 20)?
-77
What is the value of 75 - (-13 + 0 + 2 + (14 - 12) + 13)?
71
Calculate (1 + -2 - -86) + (223 - 145 - 57).
106
Calculate (40 - 27) + 17 - 8.
22
Calculate (-627 - -616) + 4 + -7 + -2.
-16
Calculate 9 + -17 + -1 - (3 + -3 + -40).
31
What is -37 + 28 + (-11 - -4 - -6)?
-10
Evaluate (-97 - 60) + (105 - 38).
-90
Evaluate -46 - (-123 - (38 - 45)).
70
-74 + 2 - (10 + (-10 + 25 - 28 - -1))
-70
What is the value of -11 + -3 + -13 + (52 - 45)?
-20
What is the value of -10 + -3 + -4446 + 4578?
119
What is the value of 113 + (-72 - (-67 + 69))?
39
Evaluate 5 + (0 - (9 - 3 - 32 - (-23 - -31))).
39
What is 2 + 0 + 3 + (181 - 178) + 4?
12
What is -19 + (20 + 26 - 13)?
14
-9688 + 9695 + -11 + 1 + -2
-5
What is (44 - 1) + (-104 - 20)?
-81
What is -57 - ((-2972 - -2955 - (-3 - (2 - 2))) + 15)?
-58
What is -49 + -2 + 11 + 41?
1
What is the value of 20 + -14 + 0 + -14 - (-10 - 5) - 44?
-37
Calculate 19 + (-125 - -135 - (-5 - -8 - (1 - 8))).
19
81 - ((13 - 0) + (-3 - (22 + -30 + 7)))
70
What is the value of 60 + -53 - ((1 - 7) + -57)?
70
17 - (-32 - -7) - 18 - 16
8
What is (47 - (-47 + 97)) + -1 + -2 + (2 - -48)?
44
What is 94 - 3 - ((12 - -129) + -105)?
55
What is -34 + 30 - 25 - 113 - -29?
-113
Calculate (58 - (34 - -89)) + 29.
-36
Evaluate -412 + 411 - (2 - (-1 - -17)).
13
1 + -12 - (-23 + (15 - (-12 - -14)))
-1
What is -49 + 36 + 48 + -8?
27
-69 + 4 - (-61 - (-45 + -15))
-64
Calculate 7 + (9 - 8) - (-54 - (1 + (-10 - -1))).
54
What is the value of 47 + 1 + (19 - 23 - (-7 - -15)) - -4?
40
-15 + -1 + 3 + 7 + (-5 - 3)
-14
-3056 + 2855 - (-4 - 68)
-129
Calculate -6 - -104 - (4 - (7 - (-11 + 1))).
111
(122 - 196) + 21 + -21 + -41
-115
(-19 - (-4 - -2)) + (-2875 - -2893) - (43 - 0)
-42
What is 145 + -119 + 34 - -29?
89
What is the value of 2 + -18 + (14 - 14) + -5 + -19?
-40
Calculate 11 - -29 - 16 - 36.
-12
Calculate (4 - 24) + -13 + (31 - (-25 - 84)).
107
What is the value of -34 - -11 - (-121 - -88)?
10
What is -16 + -85 + 37 - -46?
-18
What is 21 + -106 + (7 + 1 - (-269 + 286))?
-94
Calculate 0 + 48 - (2390 - 2341).
-1
What is -314 - (-68 + -226) - (2 + -1)?
-21
Calculate 84 - (-29 - (-27 - 16)).
70
What is -66 - ((34 - 57) + 22)?
-65
5 - 1 - (-137 + (167 - 11))
-15
What is the value of -3 - (-109 + 129 + 18 + (0 - 3))?
-38
Evaluate (27 - 3) + (-31 - -48) + -29 + 17 + -3.
26
What is -73 + 42 + (49 - 13 - 35)?
-30
Evaluate -54 - (-38 - (-15 + -24)).
-55
What is the value of -12 